{"id":49,"date":"2023-08-07T18:00:03","date_gmt":"2023-08-07T23:00:03","guid":{"rendered":"https:\/\/altergenieria.com\/?page_id=49"},"modified":"2024-12-10T12:05:50","modified_gmt":"2024-12-10T17:05:50","slug":"nosotros","status":"publish","type":"page","link":"https:\/\/altergenieria.com\/?page_id=49","title":{"rendered":"Nosotros"},"content":{"rendered":"<div class=\"wp-block-image\"><figure class=\"aligncenter size-large is-resized\"><img loading=\"lazy\" decoding=\"async\" width=\"1024\" height=\"346\" src=\"https:\/\/altergenieria.com\/wp-content\/uploads\/2023\/08\/Nosotros-1024x346.png\" alt=\"\" class=\"wp-image-129\" style=\"width:750px;height:252px\" srcset=\"https:\/\/altergenieria.com\/wp-content\/uploads\/2023\/08\/Nosotros-1024x346.png 1024w, https:\/\/altergenieria.com\/wp-content\/uploads\/2023\/08\/Nosotros-600x203.png 600w, https:\/\/altergenieria.com\/wp-content\/uploads\/2023\/08\/Nosotros-300x101.png 300w, https:\/\/altergenieria.com\/wp-content\/uploads\/2023\/08\/Nosotros-768x259.png 768w, https:\/\/altergenieria.com\/wp-content\/uploads\/2023\/08\/Nosotros.png 1102w\" sizes=\"auto, (max-width: 1024px) 100vw, 1024px\" \/><\/figure><\/div><p class=\"has-text-align-left has-black-color has-text-color has-medium-font-size\"><strong><em>Alternativa e Ingenier\u00eda S.A.S<\/em><\/strong> es una compa\u00f1\u00eda colombiana de la ciudad de Valledupar que introduce la integraci\u00f3n de sistemas fotovoltaicos en su hogar, empresa o sistema agropecuario, para brindar seguridad energ\u00e9tica y disminuir los costos operativos derivados de la dependencia absoluta del sistema de distribuci\u00f3n energ\u00e9tico local.<\/p><p><\/p><p class=\"has-black-color has-text-color has-medium-font-size\">Contamos con el soporte de grandes y reconocidos importadores de tecnolog\u00eda fotovoltaica en nuestro pa\u00eds y la experiencia para colocar a su disposici\u00f3n sistemas innovadores, eficientes y confiables.<\/p><p class=\"has-black-color has-text-color has-medium-font-size\"><strong><em>Misi\u00f3n:<\/em><\/strong> Ser parte de la industria de energ\u00eda solar que contin\u00faa la expansi\u00f3n de la generaci\u00f3n de energ\u00edas limpias, confiables y al alcance de los ciudadanos del planeta.<\/p><p class=\"has-black-color has-text-color has-medium-font-size\"><strong><em>Visi\u00f3n: <\/em><\/strong>Nos proyectamos como l\u00edderes locales y reconocidos a nivel nacional de sistemas y soluciones de energ\u00eda solar que brinden un alto y confiable desempe\u00f1o, para servir de aporte a la transici\u00f3n energ\u00e9tica global y de nuestro pa\u00eds.<\/p><p><\/p><p><\/p>","protected":false},"excerpt":{"rendered":"<p>Alternativa e Ingenier\u00eda S.A.S es una compa\u00f1\u00eda colombiana de la ciudad de Valledupar que introduce la integraci\u00f3n de sistemas fotovoltaicos en su hogar, empresa o sistema agropecuario, para brindar seguridad energ\u00e9tica y disminuir los costos operativos derivados de la dependencia absoluta del sistema de distribuci\u00f3n energ\u00e9tico local. Contamos con el soporte de grandes y reconocidos [&hellip;]<\/p>\n","protected":false},"author":2,"featured_media":77,"parent":0,"menu_order":0,"comment_status":"closed","ping_status":"closed","template":"","meta":{"_regular_price":[],"currency_symbol":[],"_uag_custom_page_level_css":"","footnotes":""},"class_list":["post-49","page","type-page","status-publish","has-post-thumbnail","hentry"],"post_slider_layout_featured_media_urls":{"thumbnail":"","post_slider_layout_landscape_large":"","post_slider_layout_portrait_large":"","post_slider_layout_square_large":"","post_slider_layout_landscape":"","post_slider_layout_portrait":"","post_slider_layout_square":"","full":""},"yoast_head":"<!-- This site is optimized with the Yoast SEO plugin v24.0 - https:\/\/yoast.com\/wordpress\/plugins\/seo\/ -->\n<title>Nosotros -<\/title>\n<meta name=\"description\" content=\"Alternativa e Ingenier\u00eda S.A.S es una compa\u00f1\u00eda colombiana de la ciudad de Valledupar que introduce la integraci\u00f3n de sistemas fotovoltaicos en su hogar, empresa o sistema agropecuario, para brindar seguridad energ\u00e9tica y disminuir los costos operativos derivados de la dependencia absoluta del sistema de distribuci\u00f3n energ\u00e9tico local. Energ\u00eda Solar Valledupar %\" \/>\n<meta name=\"robots\" content=\"index, follow, max-snippet:-1, max-image-preview:large, max-video-preview:-1\" \/>\n<link rel=\"canonical\" href=\"https:\/\/altergenieria.com\/?page_id=49\" \/>\n<meta property=\"og:locale\" content=\"es_ES\" \/>\n<meta property=\"og:type\" content=\"article\" \/>\n<meta property=\"og:title\" content=\"Nosotros -\" \/>\n<meta property=\"og:description\" content=\"Alternativa e Ingenier\u00eda S.A.S es una compa\u00f1\u00eda colombiana de la ciudad de Valledupar que introduce la integraci\u00f3n de sistemas fotovoltaicos en su hogar, empresa o sistema agropecuario, para brindar seguridad energ\u00e9tica y disminuir los costos operativos derivados de la dependencia absoluta del sistema de distribuci\u00f3n energ\u00e9tico local. Energ\u00eda Solar Valledupar %\" \/>\n<meta property=\"og:url\" content=\"https:\/\/altergenieria.com\/?page_id=49\" \/>\n<meta property=\"article:modified_time\" content=\"2024-12-10T17:05:50+00:00\" \/>\n<meta name=\"twitter:card\" content=\"summary_large_image\" \/>\n<meta name=\"twitter:label1\" content=\"Tiempo de lectura\" \/>\n\t<meta name=\"twitter:data1\" content=\"1 minuto\" \/>\n<script type=\"application\/ld+json\" class=\"yoast-schema-graph\">{\"@context\":\"https:\/\/schema.org\",\"@graph\":[{\"@type\":\"WebPage\",\"@id\":\"https:\/\/altergenieria.com\/?page_id=49\",\"url\":\"https:\/\/altergenieria.com\/?page_id=49\",\"name\":\"Nosotros -\",\"isPartOf\":{\"@id\":\"https:\/\/altergenieria.com\/#website\"},\"primaryImageOfPage\":{\"@id\":\"https:\/\/altergenieria.com\/?page_id=49#primaryimage\"},\"image\":{\"@id\":\"https:\/\/altergenieria.com\/?page_id=49#primaryimage\"},\"thumbnailUrl\":\"\",\"datePublished\":\"2023-08-07T23:00:03+00:00\",\"dateModified\":\"2024-12-10T17:05:50+00:00\",\"description\":\"Alternativa e Ingenier\u00eda S.A.S es una compa\u00f1\u00eda colombiana de la ciudad de Valledupar que introduce la integraci\u00f3n de sistemas fotovoltaicos en su hogar, empresa o sistema agropecuario, para brindar seguridad energ\u00e9tica y disminuir los costos operativos derivados de la dependencia absoluta del sistema de distribuci\u00f3n energ\u00e9tico local. Energ\u00eda Solar Valledupar %\",\"breadcrumb\":{\"@id\":\"https:\/\/altergenieria.com\/?page_id=49#breadcrumb\"},\"inLanguage\":\"es-CO\",\"potentialAction\":[{\"@type\":\"ReadAction\",\"target\":[\"https:\/\/altergenieria.com\/?page_id=49\"]}]},{\"@type\":\"ImageObject\",\"inLanguage\":\"es-CO\",\"@id\":\"https:\/\/altergenieria.com\/?page_id=49#primaryimage\",\"url\":\"\",\"contentUrl\":\"\"},{\"@type\":\"BreadcrumbList\",\"@id\":\"https:\/\/altergenieria.com\/?page_id=49#breadcrumb\",\"itemListElement\":[{\"@type\":\"ListItem\",\"position\":1,\"name\":\"Home\",\"item\":\"https:\/\/altergenieria.com\/\"},{\"@type\":\"ListItem\",\"position\":2,\"name\":\"Nosotros\"}]},{\"@type\":\"WebSite\",\"@id\":\"https:\/\/altergenieria.com\/#website\",\"url\":\"https:\/\/altergenieria.com\/\",\"name\":\"https:\/\/altergenieria.com\/\",\"description\":\"Integramos electr\u00f3nica y Electricidad a tu medida.\",\"publisher\":{\"@id\":\"https:\/\/altergenieria.com\/#organization\"},\"potentialAction\":[{\"@type\":\"SearchAction\",\"target\":{\"@type\":\"EntryPoint\",\"urlTemplate\":\"https:\/\/altergenieria.com\/?s={search_term_string}\"},\"query-input\":{\"@type\":\"PropertyValueSpecification\",\"valueRequired\":true,\"valueName\":\"search_term_string\"}}],\"inLanguage\":\"es-CO\"},{\"@type\":\"Organization\",\"@id\":\"https:\/\/altergenieria.com\/#organization\",\"name\":\"ALTERNATIVA E INGENIER\u00cdA\",\"url\":\"https:\/\/altergenieria.com\/\",\"logo\":{\"@type\":\"ImageObject\",\"inLanguage\":\"es-CO\",\"@id\":\"https:\/\/altergenieria.com\/#\/schema\/logo\/image\/\",\"url\":\"https:\/\/altergenieria.com\/wp-content\/uploads\/2023\/08\/cropped-Logo-Name.png\",\"contentUrl\":\"https:\/\/altergenieria.com\/wp-content\/uploads\/2023\/08\/cropped-Logo-Name.png\",\"width\":1461,\"height\":400,\"caption\":\"ALTERNATIVA E INGENIER\u00cdA\"},\"image\":{\"@id\":\"https:\/\/altergenieria.com\/#\/schema\/logo\/image\/\"},\"sameAs\":[\"https:\/\/www.instagram.com\/altergenieria\/#\"]}]}<\/script>\n<!-- \/ Yoast SEO plugin. -->","yoast_head_json":{"title":"Nosotros -","description":"Alternativa e Ingenier\u00eda S.A.S es una compa\u00f1\u00eda colombiana de la ciudad de Valledupar que introduce la integraci\u00f3n de sistemas fotovoltaicos en su hogar, empresa o sistema agropecuario, para brindar seguridad energ\u00e9tica y disminuir los costos operativos derivados de la dependencia absoluta del sistema de distribuci\u00f3n energ\u00e9tico local. Energ\u00eda Solar Valledupar %","robots":{"index":"index","follow":"follow","max-snippet":"max-snippet:-1","max-image-preview":"max-image-preview:large","max-video-preview":"max-video-preview:-1"},"canonical":"https:\/\/altergenieria.com\/?page_id=49","og_locale":"es_ES","og_type":"article","og_title":"Nosotros -","og_description":"Alternativa e Ingenier\u00eda S.A.S es una compa\u00f1\u00eda colombiana de la ciudad de Valledupar que introduce la integraci\u00f3n de sistemas fotovoltaicos en su hogar, empresa o sistema agropecuario, para brindar seguridad energ\u00e9tica y disminuir los costos operativos derivados de la dependencia absoluta del sistema de distribuci\u00f3n energ\u00e9tico local. Energ\u00eda Solar Valledupar %","og_url":"https:\/\/altergenieria.com\/?page_id=49","article_modified_time":"2024-12-10T17:05:50+00:00","twitter_card":"summary_large_image","twitter_misc":{"Tiempo de lectura":"1 minuto"},"schema":{"@context":"https:\/\/schema.org","@graph":[{"@type":"WebPage","@id":"https:\/\/altergenieria.com\/?page_id=49","url":"https:\/\/altergenieria.com\/?page_id=49","name":"Nosotros -","isPartOf":{"@id":"https:\/\/altergenieria.com\/#website"},"primaryImageOfPage":{"@id":"https:\/\/altergenieria.com\/?page_id=49#primaryimage"},"image":{"@id":"https:\/\/altergenieria.com\/?page_id=49#primaryimage"},"thumbnailUrl":"","datePublished":"2023-08-07T23:00:03+00:00","dateModified":"2024-12-10T17:05:50+00:00","description":"Alternativa e Ingenier\u00eda S.A.S es una compa\u00f1\u00eda colombiana de la ciudad de Valledupar que introduce la integraci\u00f3n de sistemas fotovoltaicos en su hogar, empresa o sistema agropecuario, para brindar seguridad energ\u00e9tica y disminuir los costos operativos derivados de la dependencia absoluta del sistema de distribuci\u00f3n energ\u00e9tico local. Energ\u00eda Solar Valledupar %","breadcrumb":{"@id":"https:\/\/altergenieria.com\/?page_id=49#breadcrumb"},"inLanguage":"es-CO","potentialAction":[{"@type":"ReadAction","target":["https:\/\/altergenieria.com\/?page_id=49"]}]},{"@type":"ImageObject","inLanguage":"es-CO","@id":"https:\/\/altergenieria.com\/?page_id=49#primaryimage","url":"","contentUrl":""},{"@type":"BreadcrumbList","@id":"https:\/\/altergenieria.com\/?page_id=49#breadcrumb","itemListElement":[{"@type":"ListItem","position":1,"name":"Home","item":"https:\/\/altergenieria.com\/"},{"@type":"ListItem","position":2,"name":"Nosotros"}]},{"@type":"WebSite","@id":"https:\/\/altergenieria.com\/#website","url":"https:\/\/altergenieria.com\/","name":"https:\/\/altergenieria.com\/","description":"Integramos electr\u00f3nica y Electricidad a tu medida.","publisher":{"@id":"https:\/\/altergenieria.com\/#organization"},"potentialAction":[{"@type":"SearchAction","target":{"@type":"EntryPoint","urlTemplate":"https:\/\/altergenieria.com\/?s={search_term_string}"},"query-input":{"@type":"PropertyValueSpecification","valueRequired":true,"valueName":"search_term_string"}}],"inLanguage":"es-CO"},{"@type":"Organization","@id":"https:\/\/altergenieria.com\/#organization","name":"ALTERNATIVA E INGENIER\u00cdA","url":"https:\/\/altergenieria.com\/","logo":{"@type":"ImageObject","inLanguage":"es-CO","@id":"https:\/\/altergenieria.com\/#\/schema\/logo\/image\/","url":"https:\/\/altergenieria.com\/wp-content\/uploads\/2023\/08\/cropped-Logo-Name.png","contentUrl":"https:\/\/altergenieria.com\/wp-content\/uploads\/2023\/08\/cropped-Logo-Name.png","width":1461,"height":400,"caption":"ALTERNATIVA E INGENIER\u00cdA"},"image":{"@id":"https:\/\/altergenieria.com\/#\/schema\/logo\/image\/"},"sameAs":["https:\/\/www.instagram.com\/altergenieria\/#"]}]}},"jetpack_sharing_enabled":true,"uagb_featured_image_src":{"full":false,"thumbnail":false,"medium":false,"medium_large":false,"large":false,"1536x1536":false,"2048x2048":false,"post_slider_layout_landscape_large":false,"post_slider_layout_portrait_large":false,"post_slider_layout_square_large":false,"post_slider_layout_landscape":false,"post_slider_layout_portrait":false,"post_slider_layout_square":false,"solar-power-homepage-thumb":false,"woocommerce_thumbnail":false,"woocommerce_single":false,"woocommerce_gallery_thumbnail":false},"uagb_author_info":{"display_name":"Alternativa e Ingenieria","author_link":"https:\/\/altergenieria.com\/?author=2"},"uagb_comment_info":0,"uagb_excerpt":"Alternativa e Ingenier\u00eda S.A.S es una compa\u00f1\u00eda colombiana de la ciudad de Valledupar que introduce la integraci\u00f3n de sistemas fotovoltaicos en su hogar, empresa o sistema agropecuario, para brindar seguridad energ\u00e9tica y disminuir los costos operativos derivados de la dependencia absoluta del sistema de distribuci\u00f3n energ\u00e9tico local. Contamos con el soporte de grandes y reconocidos&hellip;","_links":{"self":[{"href":"https:\/\/altergenieria.com\/index.php?rest_route=\/wp\/v2\/pages\/49","targetHints":{"allow":["GET"]}}],"collection":[{"href":"https:\/\/altergenieria.com\/index.php?rest_route=\/wp\/v2\/pages"}],"about":[{"href":"https:\/\/altergenieria.com\/index.php?rest_route=\/wp\/v2\/types\/page"}],"author":[{"embeddable":true,"href":"https:\/\/altergenieria.com\/index.php?rest_route=\/wp\/v2\/users\/2"}],"replies":[{"embeddable":true,"href":"https:\/\/altergenieria.com\/index.php?rest_route=%2Fwp%2Fv2%2Fcomments&post=49"}],"version-history":[{"count":18,"href":"https:\/\/altergenieria.com\/index.php?rest_route=\/wp\/v2\/pages\/49\/revisions"}],"predecessor-version":[{"id":1320,"href":"https:\/\/altergenieria.com\/index.php?rest_route=\/wp\/v2\/pages\/49\/revisions\/1320"}],"wp:featuredmedia":[{"embeddable":true,"href":"https:\/\/altergenieria.com\/index.php?rest_route=\/"}],"wp:attachment":[{"href":"https:\/\/altergenieria.com\/index.php?rest_route=%2Fwp%2Fv2%2Fmedia&parent=49"}],"curies":[{"name":"wp","href":"https:\/\/api.w.org\/{rel}","templated":true}]}}